 + 25*k + 2*k**2. Calculate b(-13).
23
Suppose -34*l + 1143 = 1109. Let v(b) = 5*b**2 - b + 1 - 6*b**2 + 0*b. Let w(f) = -6*f**2 - 4*f + 8. Let d(m) = l*w(m) - 5*v(m). Calculate d(0).
3
Let i(l) = -2*l + 61. Suppose -604*r = -4*o - 605*r + 118, -o - 4*r + 52 = 0. Determine i(o).
5
Suppose -5*t = -5*b - 10, 28 = 4*b + 6*t - t. Let c(p) = 1 + 5*p**b + 3*p**3 + p**3 - 6*p**3 - 2*p. Calculate c(3).
-14
Suppose -9*x - t = -4*x - 15, 3*t = 8*x - 24. Let n(b) = -b**2 + b - 4. Calculate n(x).
-10
Suppose v - 4*x = 18, x - 10 = 3*x. Let n be (-4)/20 - -9*v/10. Let d be (0/(-2))/(-3 - -2 - n). Let m(q) = q**3 - q - 18. Calculate m(d).
-18
Let m(w) = -36*w - 190. Let c(h) = -16*h - 93. Let z(d) = -7*c(d) + 3*m(d). Calculate z(0).
81
Let i = -63 + 63. Suppose 0 = 5*a - 5*o + 20, i*a = -3*a + 5*o - 22. Let g(x) = -1 - 2*x + 1 - a - 7. What is g(8)?
-24
Let k(o) = -44*o**3 + o**2 + o - 1. Suppose 24 = 9*z + 15*z. What is k(z)?
-43
Let d(v) be the third derivative of -1/120*v**6 + 53*v**2 + 0 - 1/6*v**3 - 1/12*v**5 + 0*v + 7/24*v**4. Determine d(-6).
-7
Suppose u = 2*q + 1, 4*q - 4 = -12. Let i be 50/15 + (-4)/3. Let w(z) = -z**i + 4*z**2 - 3*z**2 + z**2. What is w(u)?
9
Let i(b) = b**2 + 2*b - 28. Let y be i(-6). Suppose -6 = g - 3*g. Let z(q) = 0*q - 6*q - 6 + 2*q + g*q. Calculate z(y).
-2
Let w(m) be the second derivative of -m**5/4 - m**4/12 + 2*m**3/3 + 5*m**2/2 - 37*m - 4. What is w(-2)?
33
Let k(p) = -p**2 + 37*p + 2529. Let b be k(72). Let j(f) = f**3 - 8*f**2 - 8*f + 2. Give j(b).
11
Let g(h) = 5*h + 2*h**3 + 8 + 2*h**2 + 28*h**2 - 4*h**3 - 18*h**2. Calculate g(6).
38
Let h = -6 + 8. Suppose 3*o + h*n = -2*n - 1, 5*o + n = 4. Let p(r) be the third derivative of r**6/40 + 63*r**2. What is p(o)?
3
Let r(w) be the second derivative of w**3/6 - 3*w**2/2 + 4*w + 17. Suppose -15*a = 4*a - 24*a. Give r(a).
-3
Let j(q) be the third derivative of q**5/20 + 5*q**4/24 - 8*q**3/3 - 71*q**2 + 5. What is j(2)?
6
Suppose 7*q + 849 = 870. Let o(t) = -3*t - 29 + 32 - t**3 + 6*t**2 - t**2. What is o(q)?
12
Suppose 0 = 11487*c - 11504*c - 102. Let i(z) = 14*z + 7. What is i(c)?
-77
Let m(s) be the first derivative of s**4/2 + 8*s**3/3 + 5*s**2/2 - 3*s - 6440. Give m(-2).
3
Let j be 270/(-12)*((-15)/9 + 1). Let a be 1 + j/(-5) - -6. Let n(r) = 15*r - a*r + r**2 - 9*r + 4 - 2*r**2. Determine n(5).
-11
Let t be (5 + (-91)/21)/((-2)/(-9)). Suppose 39 = -t*a + 45. Let x(o) = 0*o**3 - 4*o**2 - o + 5 - o**3 + 4*o**a + 4*o**2. Give x(4).
1
Suppose 3*z - 4*k = 8, 11 = z + 4*k + 35. Let s(b) be the third derivative of -b**6/120 - b**5/20 + b**4/8 - b**2. Determine s(z).
4
Let r(c) = c**2 + 18*c + 29. Let p be r(-16). Let b(k) = 2*k**2 - 9*k + 37. Let m be b(4). Let x(g) = 76*g + 1 - m*g - 40*g. Determine x(p).
-8
Let s(n) = -34*n + 10748 + 29*n - 10759. Calculate s(-10).
39
Let u(k) = -k**3 - 10*k**2 - 7*k + 6. Let d(x) = x**2 + 2*x. Let v(c) = -5*d(c) - u(c). Let a be v(-5). Let r(m) = m**2 - 10*m - 10. Calculate r(a).
-19
Let w(h) be the third derivative of -39*h**2 - 1/3*h**3 - 1 + 0*h - 1/20*h**5 + 1/6*h**4. Give w(1).
-1
Suppose 5*u = -0*x - 4*x - 11, -2*x - 12 = -4*u. Let v be (-3 + 4)*u*46. Let q = 40 - v. Let r(s) = -s**2 - 7*s + 6. What is r(q)?
12
Suppose -o - 24 = -77. Let s = 46 - o. Let g(b) be the second derivative of b**3/3 + 4*b**2 - 21*b. What is g(s)?
-6
Let y(d) = -2*d**3 + 3*d**2 - 3. Let q(m) = -m**3 + 3*m**2 - m - 3. Let u(a) = 3*q(a) - 2*y(a). Let c = 369930 - 369933. What is u(c)?
6
Let n(q) = q**3 + 4*q**2. Let t be n(-4). Let a(y) = -y**2 + 25*y - 82. Let g be a(21). Let p(f) = -g*f + t*f + f - 7 + 1. Determine p(-6).
0
Let b = 9059 + -9064. Let j(w) = -36*w - 171. Determine j(b).
9
Let p(z) = 60 + 407 - 2*z - 5*z - 6*z - 6*z. What is p(25)?
-8
Suppose -4*z + 258 + 210 = v, z - 4*v = 100. Let w(h) = -3 + 8*h - 117*h**2 + z*h**2 + 3. Give w(7).
7
Let k(v) = 18*v**2 - 151*v + 259. Let s be k(6). Let r(l) = -l + 0 + 4 + 0*l. Give r(s).
3
Let c be 1*(-1 - 0)*-5. Let g be -6 + 4 + 1*(4 + -3). Let d(u) = 11*u - 6. Let m(o) = -2*o. Let y(l) = g*d(l) - 6*m(l). What is y(c)?
11
Let i(c) = -4500 + 2244 + 0*c**2 + 2*c**2 + 2246 + 14*c. Determine i(-8).
6
Let t(c) = -c**3 + 2*c**2 - 4*c + 8. Let s = -1 + 4. Determine t(s).
-13
Let c = 3051 + -3041. Let k(o) = 5*o + 7. Give k(c).
57
Let j(p) be the third derivative of p**5/60 + p**4/24 - 7*p**3/6 + 20*p**2. Let q(f) = f**3 - f**2 - f - 25. Let u be q(0). Let d = -30 - u. Calculate j(d).
13
Let j be (1/3)/(4/240*4). Let v(o) = 6*o + 1 + 200*o**2 - 206*o**2 + 10*o**3 - 9*o**3. Calculate v(j).
6
Let x(y) = 2*y**2 + 6*y - 7. Let w(p) = 5*p + 28. Let c be w(-9). Let v(i) = i**2 + 16*i - 23. Let t be v(c). What is x(t)?
29
Let y(x) be the first derivative of -7*x**2/2 - 18*x + 3331. Determine y(-9).
45
Suppose 33*x + 2380 + 2108 = 0. Let c = x + 150. Let q(p) = -p + 11. Determine q(c).
-3
Let t(n) = 4*n - 1. Let a(q) = 8*q - 2. Let b(k) = -3*a(k) + 5*t(k). Suppose 173*p - 176*p = -2*m - 4, 4*m = 5*p - 8. Give b(m).
9
Let b(j) = j**3 - 4*j**2 + 2*j + 3. Let s be 3842/68 - 1/(-2). Suppose 62*z = s*z + 15. Give b(z).
0
Let w = -29267 - -29269. Let h(f) be the first derivative of -f**2 + w*f - 2/3*f**3 - 1/4*f**4 + 6. Give h(-2).
6
Let j(q) = -q + q**3 + 9787*q**2 - 7 - 9788*q**2 - 3. Let f(m) = -4*m - 3. Let u be f(-5). Let l be u + -14 - (2 - -1). Calculate j(l).
-10
Let k(z) = z**3 - 44*z + 2*z + 9*z**2 - 5*z + 2 - 11*z + 7*z. What is k(-13)?
-11
Let z(a) = a**2 - 5*a - 1. Suppose -8*h + 1477 = -123. Let c = -195 + h. What is z(c)?
-1
Let r(s) = -s**2 + 10*s + 46. Let t(g) = 3*g**2 + 63*g - 1331. Let u be t(-34). Give r(u).
-29
Let i(k) be the first derivative of -12 + k + 1/4*k**4 + 1/2*k**2 - 1/3*k**3. Let a(q) = 4*q**3 - 9*q**2 + 6*q - 4. Let z(b) = -a(b) + 3*i(b). Determine z(6).
-11
Let n(p) = 2*p**2 + 3*p + 1. Let w(q) = -9*q**2 - 30*q + 2. Let j(l) = -4*n(l) - w(l). Calculate j(-17).
-23
Let y be -10 + 10 + (-2 - -5). Suppose 9 = -y*j - 2*q + q, -j + 2*q = -4. Let b(g) = 1 + 2*g**2 + 2*g + g - 1. Determine b(j).
2
Let h(j) = -9*j**3 - 42*j**2 + 40*j - 18. Let m(a) = -4*a**3 - 20*a**2 + 19*a - 8. Let r(i) = 5*h(i) - 11*m(i). Give r(9).
-2
Let b(f) be the third derivative of -f**6/720 + f**5/15 - 23*f**4/4 - 113*f**2. Let k(h) be the second derivative of b(h). Determine k(3).
5
Let s(v) = -5*v**2 + 3*v + 5. Let b(l) = -4*l**2 + 4*l + 5. Let h(m) = 4*b(m) - 3*s(m). Suppose -7*k + 8*k - 16 = 4*j, -3*k = -2*j - 28. What is h(k)?
-3
Let w = -188 - -781. Let i(g) = 8 - 307*g + w*g - 293*g. Determine i(3).
-13
Let f(b) = 12 + 21 + 11*b - 43 + 17. Let v(z) = -48*z - 30. Let r(q) = 9*f(q) + 2*v(q). What is r(3)?
12
Let s(r) = 10*r + 405401*r**2 - 405402*r**2 - 3*r + 1 + 0*r. Calculate s(9).
-17
Let m(o) be the second derivative of o**5/20 + 4*o**4/3 + 17*o**3/6 + 29*o**2/2 + 105*o + 6. What is m(-15)?
-1
Let k(x) = 5*x**3 + 11*x**2 - 21*x + 24. Let y(a) = -a**3 - 3*a**2 + 5*a - 6. Let q(i) = 2*k(i) + 9*y(i). Let m = -33 - -30. Let g = m - -8. What is q(g)?
9
Let f(z) = -1. Let v(b) = -6*b - 42. Let u(i) = 5*f(i) + v(i). Let n be u(-8). Let g be (6/4)/((-1)/(-3 + n)). Let t(d) = 5*d + 4. Calculate t(g).
19
Let o(x) = x + 5. Let s be o(-5). Let c(h) = s - 9 - h - 9. Let m = 693188 + -693196. What is c(m)?
-10
Suppose 4*q = -2*n - 2*n + 12, 0 = n - 1. Let l(d) = -12*d**q + 2*d + 7*d**2 - 18 - 12*d**2 + 17. Let y(g) = -g - 7. Let t be y(-8). What is l(t)?
-16
Let z(o) be the first derivative of -o**2/2 - 39*o + 143. Calculate z(-30).
-9
Let z(w) = w**3 - 27*w**2 + 25*w + 31. Suppose 6*a - 24 = 132. Let d be z(a). Suppose -g + 6*g + 3*v + 19 = 0, d*v = 10. Let y(b) = -b - 10. Give y(g).
-5
Suppose -56*h - 36 = -59*h. Suppose -9 - 39 = -h*k. Let s(l) = 3*l - 2. Give s(k).
10
Let m(p) = p + 1. Let w(n) = -n**3 + 5*n**2 - n - 5. Let t be w(-4). Suppose t - 122 = -3*j. Give m(j).
-6
Let l = 4928 + -295673/60. Let y(o) be the third derivative of -1/6*o**3 - 19*o**2 - 1/12*o**4 + l*o**5 + 0*o + 0. What is y(-1)?
8
Let t(c) be the second derivative of c**4/12 - 7*c**3/3 - 39*c**2/2 + 1779*c + 1. Give t(17).
12
Let x(p) = p**2 - 1. Suppose -137*s + 134 + 140 = 0. What is x(s)?
3
Let w(s) = -s**2 - 25*s - 117. Let i = 7868 + -7887. Determine w(i).
-3
Let j(p) be the third derivative of p**6/120 - p**5/10 + p**4/12 - p**3/3 - 128*p**2